f 71?
True
Is 24 a factor of 373536?
True
Is 681281 a multiple of 11?
False
Does 107 divide 1490525?
False
Does 56 divide 3665633?
False
Is 15 a factor of 214880?
False
Is 1300 a factor of 1990300?
True
Is 76284 a multiple of 156?
True
Is 41 a factor of 1046717?
False
Does 120 divide 305160?
True
Is 347 a factor of 214516?
False
Does 125 divide 1545858?
False
Does 10 divide 505770?
True
Is 15534089 a multiple of 450?
False
Is 22 a factor of 554089?
False
Is 56 a factor of 17548438?
False
Does 567 divide 48762?
True
Is 1487226 a multiple of 46?
True
Is 1932 a multiple of 23?
True
Is 274 a factor of 43018?
True
Is 782 a factor of 990431?
False
Is 34 a factor of 1542478?
True
Is 1550700 a multiple of 10?
True
Is 7545 a multiple of 3?
True
Is 8 a factor of 1235696?
True
Is 59 a factor of 4104630?
True
Is 11 a factor of 365992?
True
Is 54 a factor of 1269147?
False
Does 4 divide 5871248?
True
Is 1549731 a multiple of 4?
False
Is 250 a factor of 756500?
True
Does 204 divide 3202800?
True
Is 34 a factor of 83861?
False
Does 87 divide 5070273?
True
Is 8502648 a multiple of 264?
True
Does 6 divide 2033496?
True
Is 151 a factor of 1333028?
True
Is 39900 a multiple of 6?
True
Is 1044505 a multiple of 236?
False
Does 137 divide 1063112?
False
Is 12 a factor of 16905672?
True
Is 5 a factor of 12705?
True
Is 12707500 a multiple of 13?
True
Does 65 divide 1379459?
False
Is 194425 a multiple of 505?
True
Is 6 a factor of 38615?
False
Is 15 a factor of 566802?
False
Does 740 divide 1610240?
True
Does 1557 divide 1799892?
True
Is 47 a factor of 65413?
False
Is 478018 a multiple of 143?
False
Is 399921 a multiple of 97?
False
Does 716 divide 3089613?
False
Does 192 divide 515525?
False
Is 16 a factor of 198179?
False
Is 34 a factor of 14930691?
False
Does 407 divide 289377?
True
Does 9 divide 31737?
False
Is 846182 a multiple of 4?
False
Is 6 a factor of 1539325?
False
Is 8 a factor of 54205?
False
Does 69 divide 569636?
False
Is 19 a factor of 528428?
True
Does 29 divide 142535?
True
Is 13 a factor of 2313649?
True
Is 138 a factor of 11598229?
False
Is 245432 a multiple of 8?
True
Is 3802068 a multiple of 5?
False
Is 70643 a multiple of 41?
True
Is 5923140 a multiple of 340?
True
Does 12 divide 89664?
True
Is 5615263 a multiple of 21?
False
Is 47 a factor of 11964?
False
Is 14 a factor of 141069?
False
Is 11 a factor of 453245?
False
Is 451068 a multiple of 12?
True
Is 10 a factor of 64760?
True
Does 8 divide 163799?
False
Does 18 divide 1727352?
True
Is 391644 a multiple of 58?
False
Does 97 divide 4224835?
True
Is 3911885 a multiple of 5?
True
Is 2 a factor of 5363?
False
Is 1315376 a multiple of 4?
True
Is 202 a factor of 556596?
False
Is 108882 a multiple of 34?
False
Does 43 divide 2064043?
True
Is 1938500 a multiple of 10?
True
Does 37 divide 6049278?
True
Is 1692510 a multiple of 48?
False
Does 17 divide 825299?
True
Is 163 a factor of 1714985?
False
Is 207 a factor of 196443?
True
Does 78 divide 65910?
True
Does 31 divide 171492?
True
Is 3244 a multiple of 5?
False
Is 380 a factor of 1239560?
True
Is 485208 a multiple of 92?
True
Is 4 a factor of 42233?
False
Is 8993000 a multiple of 425?
True
Is 44 a factor of 1943860?
False
Is 98401 a multiple of 19?
True
Is 147504 a multiple of 21?
True
Is 20 a factor of 238220?
True
Is 185988 a multiple of 22?
True
Does 187 divide 100016?
False
Does 472 divide 18382046?
False
Does 19 divide 88578?
True
Is 5 a factor of 307654?
False
Is 12 a factor of 124716?
True
Is 236 a factor of 262093?
False
Does 14 divide 64470?
True
Is 25 a factor of 2018300?
True
Is 85801 a multiple of 254?
False
Is 148 a factor of 31480?
False
Is 11 a factor of 941490?
True
Is 248 a factor of 8938?
False
Does 69 divide 2172669?
False
Is 42300 a multiple of 65?
False
Does 24 divide 86214?
False
Does 29 divide 42267?
False
Is 106619 a multiple of 335?
False
Is 1286321 a multiple of 719?
False
Is 618469 a multiple of 43?
True
Does 757 divide 4113538?
True
Does 123 divide 31611?
True
Is 20657116 a multiple of 1886?
False
Is 268 a factor of 5104864?
True
Is 33 a factor of 954030?
True
Is 75 a factor of 164925?
True
Is 33 a factor of 29271?
True
Is 2389500 a multiple of 1591?
False
Is 166381 a multiple of 25?
False
Is 65579 even?
False
Does 21 divide 77805?
True
Is 229 a factor of 101018?
False
Is 109530 a multiple of 45?
True
Does 59 divide 229213?
False
Is 105 a factor of 5860050?
True
Is 4 a factor of 380796?
True
Is 105781 a multiple of 12?
False
Is 2294578 a multiple of 50?
False
Is 365337 a multiple of 63?
True
Does 289 divide 1944904?
False
Is 2611039 a multiple of 14?
False
Does 60 divide 92340?
True
Does 213 divide 14910?
True
Does 58 divide 588990?
True
Is 17 a factor of 265353?
True
Is 41 a factor of 7542?
False
Is 46 a factor of 8446886?
False
Is 17 a factor of 36373897?
True
Is 2777925 a multiple of 15?
True
Is 5834908 a multiple of 6?
False
Is 2905035 a multiple of 5?
True
Is 396 a factor of 1907191?
False
Is 5412667 a multiple of 2?
False
Is 14 a factor of 87066?
True
Does 27 divide 4065093?
True
Does 547 divide 537154?
True
Does 336 divide 390619?
False
Is 14 a factor of 972880?
False
Is 5 a factor of 4913?
False
Is 53 a factor of 11182627?
False
Does 56 divide 112702?
False
Is 39 a factor of 358527?
True
Is 3 a factor of 93908?
False
Does 33 divide 288803?
False
Is 705525 a multiple of 15?
True
Is 1622702 a multiple of 5?
False
Is 660025 a multiple of 486?
False
Is 51787 a multiple of 28?
False
Does 721 divide 6454392?
True
Is 891691 a multiple of 89?
True
Is 1010585 a multiple of 6?
False
Is 308496 a multiple of 228?
False
Is 249106 a multiple of 134?
True
Does 5 divide 52140?
True
Is 33531619 a multiple of 20?
False
Is 8 a factor of 1317784?
True
Does 876 divide 11074392?
True
Is 50 a factor of 58750?
True
Is 20474300 a multiple of 1540?
True
Is 200 a factor of 996376?
False
Is 79991 a multiple of 175?
False
Does 22 divide 1133836?
True
Does 54 divide 41364?
True
Is 339320 a multiple of 14?
False
Does 27 divide 15192954?
True
Does 277 divide 6595924?
True
Is 73569 a multiple of 179?
True
Does 498 divide 257964?
True
Does 17 divide 780864?
False
Is 56803 a multiple of 4?
False
Is 7381648 a multiple of 148?
True
Is 50 a factor of 1058070?
False
Is 33352186 a multiple of 13?
False
Does 47 divide 819441?
False
Is 135 a factor of 46318?
False
Does 992 divide 54560?
True
Is 2063 a factor of 5491706?
True
Does 5 divide 100275?
True
Is 191 a factor of 3165061?
True
Does 336 divide 2936640?
True
Is 33 a factor of 5601981?
True
Does 3 divide 1849?
False
Is 1626174 a multiple of 774?
True
Is 63 a factor of 1710450?
True
Is 40 a factor of 187880?
True
Does 3 divide 124182?
True
Is 134 a factor of 84018?
True
Is 2426695 a multiple of 10?
False
Is 2203289 a multiple of 139?
True
Is 295 a factor of 95285?
True
Does 573 divide 1012300?
False
Does 33 divide 375654?
False
Is 2071000 a multiple of 200?
True
Is 176644 a multiple of 39?
False
Is 3447805 a multiple of 32?
False
Does 20 divide 82602?
False
Does 60 divide 1968060?
True
Is 4 a factor of 1498144?
True
Does 49 divide 244755?
True
Does 10 divide 4690375?
False
Does 150 divide 4500300?
True
Is 118 a factor of 163430?
True
Does 5 divide 1202415?
True
Does 26 divide 1077622?
True
Does 114 divide 143034?
False
Is 44 a factor of 37928?
True
Is 435070 a multiple of 10?
True
Does 26 divide 515502?
True
Is 124 a factor of 2385373?
False
Is 154 a factor of 4367947?
False
Is 572090 a multiple of 22?
False
Does 186 divide 470580?
True
Does 14 divide 527912?
True
Is 5609272 a multiple of 62?
False
Is 7638964 a multiple of 14?
False
Is 1146572 a multiple of 5?
False
Is 5345310 a multiple of 218?
False
Does 140 divide 108080?
True
Is 46 a factor of 371772?
True
Does 99 divide 5716240?
False
Is 183664 a multiple of 104?
True
Does 37 divide 133768?
False
Is 2929005 a multiple of 168?
False
Is 246500 a multiple of 34?
True
Is 60 a factor of 5148960?
True
Is 9 a factor of 6030998?
False
Does 9 divide 313434?
True
Does 190 divide 2563382?
False
Does 5 divide 2257900?
True
Is 67 a factor of 2182167?
False
Does 519 divide 6688598?
False
Is 24 a factor of 755688?
True
Is 184780 a multiple of 7?
False
Is 81 a factor of 15292?
False
Does 103 divide 107120?
True
Is 174161 a multiple of 24?
False
Is 209 a fact